58?
1
Calculate the remainder when 40561 is divided by 751.
7
Calculate the remainder when 9361 is divided by 1170.
1
What is the remainder when 4141 is divided by 96?
13
What is the remainder when 32070 is divided by 43?
35
What is the remainder when 69920 is divided by 752?
736
What is the remainder when 11814 is divided by 1944?
150
Calculate the remainder when 6468 is divided by 1607.
40
What is the remainder when 35464 is divided by 23?
21
What is the remainder when 12919 is divided by 14?
11
Calculate the remainder when 132640 is divided by 2139.
22
Calculate the remainder when 110721 is divided by 36900.
21
What is the remainder when 503572 is divided by 83926?
16
What is the remainder when 2917 is divided by 291?
7
Calculate the remainder when 625410 is divided by 132.
126
What is the remainder when 45259 is divided by 374?
5
What is the remainder when 43176 is divided by 159?
87
Calculate the remainder when 22533 is divided by 563.
13
What is the remainder when 4910 is divided by 612?
14
Calculate the remainder when 143001 is divided by 200.
1
What is the remainder when 5194597 is divided by 25?
22
What is the remainder when 375843 is divided by 88?
83
Calculate the remainder when 7099 is divided by 709.
9
What is the remainder when 48958 is divided by 102?
100
What is the remainder when 194137 is divided by 11?
9
What is the remainder when 5498 is divided by 782?
24
Calculate the remainder when 1520 is divided by 482.
74
Calculate the remainder when 709343 is divided by 12.
11
What is the remainder when 131415 is divided by 9?
6
What is the remainder when 962 is divided by 825?
137
What is the remainder when 3939 is divided by 561?
12
What is the remainder when 8083 is divided by 2605?
268
Calculate the remainder when 29881 is divided by 70.
61
Calculate the remainder when 11422 is divided by 11370.
52
What is the remainder when 54393 is divided by 18?
15
Calculate the remainder when 1899 is divided by 274.
255
Calculate the remainder when 176635 is divided by 32.
27
Calculate the remainder when 777293 is divided by 484.
473
What is the remainder when 4702 is divided by 341?
269
Calculate the remainder when 350 is divided by 28.
14
What is the remainder when 4105 is divided by 90?
55
Calculate the remainder when 5008 is divided by 625.
8
Calculate the remainder when 104932 is divided by 19.
14
Calculate the remainder when 2826 is divided by 1329.
168
Calculate the remainder when 2929 is divided by 2913.
16
What is the remainder when 24079 is divided by 11982?
115
What is the remainder when 5948 is divided by 112?
12
Calculate the remainder when 3245 is divided by 120.
5
What is the remainder when 136769 is divided by 27?
14
What is the remainder when 245184 is divided by 460?
4
Calculate the remainder when 7264 is divided by 112.
96
Calculate the remainder when 9110 is divided by 4100.
910
Calculate the remainder when 8116 is divided by 46.
20
Calculate the remainder when 98989 is divided by 269.
266
What is the remainder when 557404 is divided by 39?
16
Calculate the remainder when 2475 is divided by 92.
83
What is the remainder when 45880 is divided by 18?
16
What is the remainder when 326260 is divided by 17?
13
What is the remainder when 16485 is divided by 900?
285
What is the remainder when 30489 is divided by 321?
315
Calculate the remainder when 60932 is divided by 31.
17
What is the remainder when 329083 is divided by 4?
3
Calculate the remainder when 3969 is divided by 659.
15
Calculate the remainder when 10698 is divided by 87.
84
Calculate the remainder when 240839 is divided by 77.
60
Calculate the remainder when 101175 is divided by 112.
39
Calculate the remainder when 1010010 is divided by 116.
114
What is the remainder when 17588 is divided by 1951?
29
Calculate the remainder when 17679 is divided by 1762.
59
What is the remainder when 545003 is divided by 68125?
3
What is the remainder when 1627 is divided by 396?
43
What is the remainder when 2243 is divided by 74?
23
What is the remainder when 6795 is divided by 2264?
3
What is the remainder when 245 is divided by 111?
23
Calculate the remainder when 100503 is divided by 359.
342
What is the remainder when 1163 is divided by 166?
1
What is the remainder when 7380 is divided by 1469?
35
Calculate the remainder when 1213 is divided by 61.
54
Calculate the remainder when 367447 is divided by 546.
535
What is the remainder when 2526 is divided by 392?
174
Calculate the remainder when 211180 is divided by 28.
4
Calculate the remainder when 15358 is divided by 731.
7
What is the remainder when 69921 is divided by 6356?
5
Calculate the remainder when 4448 is divided by 1248.
704
Calculate the remainder when 1315 is divided by 44.
39
Calculate the remainder when 53169 is divided by 65.
64
Calculate the remainder when 41038 is divided by 134.
34
Calculate the remainder when 6087 is divided by 340.
307
Calculate the remainder when 2084471 is divided by 18.
17
Calculate the remainder when 539599 is divided by 152.
151
Calculate the remainder when 117035 is divided by 23399.
40
What is the remainder when 15118 is divided by 627?
70
What is the remainder when 2109 is divided by 688?
45
Calculate the remainder when 460 is divided by 7.
5
Calculate the remainder when 105373 is divided by 190.
113
What is the remainder when 1202 is divided by 158?
96
Calculate the remainder when 3553 is divided by 453.
382
What is the remainder when 2955 is divided by 93?
72
Calculate the remainder when 2490 is divided by 700.
390
Calculate the remainder when 2273 is divided by 874.
525
What is the remainder when 12092 is divided by 111?
104
What is the remainder when 298746 is divided by 37342?
10
What is the remainder when 7035 is divided by 2193?
456
Calculate the remainder when 985 is divided by 68.
33
What is the remainder when 389 is divided by 20?
9
What is the remainder when 61530 is divided by 126?
42
Calculate the remainder when 1258 is divided by 465.
328
What is the remainder when 27120 is divided by 312?
288
What is the remainder when 39937 is divided by 19707?
523
Calculate the remainder when 178744 is divided by 228.
220
What is the remainder when 12712 is divided by 43?
27
What is the remainder when 35348 is divided by 416?
404
What is the remainder when 40078 is divided by 240?
238
What is the remainder when 19684 is divided by 656?
4
What is the remainder when 308939 is divided by 60?
59
Calculate the remainder when 222602 is divided by 381.
98
Calculate the remainder when 6373 is divided by 575.
48
Calculate the remainder when 127204 is divided by 15.
4
Calculate the remainder when 389381 is divided by 295.
276
What is the remainder when 1091 is divided by 57?
8
What is the remainder when 214313 is divided by 570?
563
Calculate the remainder when 21397 is divided by 7132.
1
What is the remainder when 1279351 is divided by 78?
73
What is the remainder when 48551 is divided by 96?
71
Calculate the remainder when 8085 is divided by 984.
213
What is the remainder when 9065 is divided by 1492?
113
Calculate the remainder when 6808 is divided by 833.
144
Calculate the remainder when 133739 is divided by 65.
34
Calculate the remainder when 17876 is divided by 8920.
36
Calculate the remainder when 1846543 is divided by 403.
400
What is the remainder when 5066 is divided by 2440?
186
Calculate the remainder when 338 is divided by 20.
18
What is the remainder when 99406 is divided by 1069?
1058
Calculate the remainder when 14858 is divided by 63.
53
What is the remainder when 144456 is divided by 764?
60
What is the remainder when 2858534 is divided by 632?
630
What is the remainder when 65377 is divided by 4669?
11
What is the remainder when 2056 is divided by 507?
28
Calculate the remainder when 51289 is divided by 309.
304
Calculate the remainder when 354191 is divided by 409.
406
Calculate the remainder when 3066678 is divided by 383.
380
What is the remainder when 17857 is divided by 510?
7
What is the remainder when 231691 is divided by 1003?
1001
What is the remainder when 938 is divided by 46?
18
Calculate the remainder when 15144 is divided by 389.
362
Calculate the remainder when 1001803 is divided by 8.
3
What is the remainder when 707 is divided by 4?
3
What is the remain